075?
5, 67043
List the prime factors of 5707242.
2, 3, 313, 1013
What are the prime factors of 3901499?
7, 61, 9137
List the prime factors of 666509.
601, 1109
List the prime factors of 243845.
5, 7, 6967
List the prime factors of 1094806.
2, 499, 1097
What are the prime factors of 25205810?
2, 5, 7, 61, 5903
List the prime factors of 6494843.
1381, 4703
What are the prime factors of 18960978?
2, 3, 97, 32579
List the prime factors of 51304.
2, 11, 53
What are the prime factors of 22230608?
2, 19, 73127
List the prime factors of 2722263.
3, 19, 163, 293
List the prime factors of 24667355.
5, 79, 197, 317
List the prime factors of 25542.
2, 3, 11, 43
What are the prime factors of 588739?
337, 1747
List the prime factors of 15171953.
15171953
List the prime factors of 6198018.
2, 3, 37, 27919
What are the prime factors of 21616039?
21616039
List the prime factors of 503903.
37, 13619
What are the prime factors of 519071?
7, 29, 2557
List the prime factors of 14150208.
2, 3, 73699
List the prime factors of 41669.
41669
List the prime factors of 2168047.
7, 31, 97, 103
What are the prime factors of 42501?
3, 31, 457
What are the prime factors of 488457?
3, 79, 229
What are the prime factors of 15507758?
2, 7, 41, 27017
What are the prime factors of 8346430?
2, 5, 834643
List the prime factors of 38053169.
7, 11, 44927
What are the prime factors of 6832919?
53, 128923
What are the prime factors of 602481?
3, 11, 18257
List the prime factors of 14794877.
14794877
List the prime factors of 378861.
3, 7, 18041
What are the prime factors of 1059962?
2, 529981
What are the prime factors of 2360432?
2, 151, 977
List the prime factors of 532557.
3, 47, 1259
List the prime factors of 164012.
2, 131, 313
List the prime factors of 172162.
2, 59, 1459
List the prime factors of 1900804.
2, 17, 27953
What are the prime factors of 16818229?
127, 151, 877
List the prime factors of 162714.
2, 3, 47, 577
List the prime factors of 2801879.
1049, 2671
List the prime factors of 1400640.
2, 3, 5, 1459
List the prime factors of 872138.
2, 19, 59, 389
What are the prime factors of 77268?
2, 3, 47, 137
What are the prime factors of 699260?
2, 5, 34963
What are the prime factors of 12248215?
5, 7, 349949
What are the prime factors of 566447?
7, 19, 4259
List the prime factors of 5768.
2, 7, 103
What are the prime factors of 3935288?
2, 7, 10039
What are the prime factors of 464489?
41, 11329
What are the prime factors of 3189140?
2, 5, 159457
List the prime factors of 1641112.
2, 11, 17, 1097
What are the prime factors of 104180?
2, 5, 5209
List the prime factors of 217366.
2, 251, 433
What are the prime factors of 200637?
3, 2477
List the prime factors of 8534879.
223, 38273
What are the prime factors of 622374?
2, 3, 47, 2207
What are the prime factors of 5265039?
3, 13, 127, 1063
What are the prime factors of 672064?
2, 10501
What are the prime factors of 24424505?
5, 7, 23, 30341
What are the prime factors of 397916?
2, 31, 3209
List the prime factors of 377436.
2, 3, 71, 443
List the prime factors of 15195499.
11, 1381409
List the prime factors of 1048747.
7, 17, 1259
What are the prime factors of 822427?
599, 1373
List the prime factors of 211337.
7, 19, 227
What are the prime factors of 545498?
2, 43, 6343
What are the prime factors of 589086?
2, 3, 10909
List the prime factors of 758414.
2, 379207
What are the prime factors of 1167883?
17, 68699
What are the prime factors of 98035?
5, 7, 2801
List the prime factors of 18187268.
2, 11, 53, 709
List the prime factors of 31724.
2, 7, 11, 103
List the prime factors of 744867.
3, 82763
List the prime factors of 1031759.
1031759
List the prime factors of 6962397.
3, 13, 167, 1069
What are the prime factors of 2444301?
3, 101, 2689
What are the prime factors of 487010?
2, 5, 31, 1571
What are the prime factors of 20710725?
3, 5, 7, 103, 383
List the prime factors of 14106406.
2, 23, 306661
List the prime factors of 641548.
2, 160387
What are the prime factors of 61201?
7, 1249
List the prime factors of 883483.
883483
What are the prime factors of 2122160?
2, 5, 41, 647
What are the prime factors of 175707?
3, 7, 2789
What are the prime factors of 2813394?
2, 3, 468899
What are the prime factors of 449162?
2, 7, 32083
What are the prime factors of 105?
3, 5, 7
List the prime factors of 1780539.
3, 593513
What are the prime factors of 6448745?
5, 1289749
What are the prime factors of 11598490?
2, 5, 41, 28289
What are the prime factors of 7568145?
3, 5, 13, 17, 761
What are the prime factors of 425105?
5, 85021
List the prime factors of 19228.
2, 11, 19, 23
What are the prime factors of 5350631?
11, 13, 17, 31, 71
List the prime factors of 1209535.
5, 241907
List the prime factors of 1713240.
2, 3, 5, 4759
What are the prime factors of 9134701?
9134701
What are the prime factors of 489886?
2, 244943
What are the prime factors of 4471663?
7, 17, 53, 709
List the prime factors of 9733794.
2, 3, 7, 47, 4931
List the prime factors of 4014544.
2, 83, 3023
What are the prime factors of 8405560?
2, 5, 210139
What are the prime factors of 241990?
2, 5, 7, 3457
List the prime factors of 1203918.
2, 3, 163, 1231
What are the prime factors of 20723938?
2, 83, 131, 953
What are the prime factors of 10541567?
23, 677
List the prime factors of 168025.
5, 11, 13, 47
What are the prime factors of 1390948?
2, 13, 23, 1163
List the prime factors of 5125643.
43, 199, 599
What are the prime factors of 275750?
2, 5, 1103
List the prime factors of 5104671.
3, 11, 13, 73, 163
List the prime factors of 692431.
692431
List the prime factors of 381895.
5, 76379
What are the prime factors of 27456458?
2, 13728229
List the prime factors of 6882581.
6882581
List the prime factors of 754041.
3, 251347
List the prime factors of 114577.
114577
What are the prime factors of 17742?
2, 3, 2957
What are the prime factors of 8965698?
2, 3, 7, 17, 29, 433
What are the prime factors of 152859?
3, 7, 29, 251
List the prime factors of 436245.
3, 5, 127, 229
What are the prime factors of 216734?
2, 7, 113, 137
List the prime factors of 10402474.
2, 29, 43, 97
List the prime factors of 947486.
2, 473743
What are the prime factors of 715190?
2, 5, 7, 17, 601
List the prime factors of 1333752.
2, 3, 7, 17, 467
List the prime factors of 20381060.
2, 5, 7, 2971
List the prime factors of 2103816.
2, 3, 11, 13, 613
What are the prime factors of 9585028?
2, 2396257
What are the prime factors of 90189?
3, 11, 911
List the prime factors of 11192610.
2, 3, 5, 11, 13, 2609
What are the prime factors of 2733951?
3, 11, 82847
What are the prime factors of 11540296?
2, 19, 23, 3301
List the prime factors of 175342.
2, 87671
What are the prime factors of 16202331?
3, 1800259
List the prime factors of 122212.
2, 30553
List the prime factors of 123073.
23, 5351
What are the prime factors of 2469497?
2469497
What are the prime factors of 768678?
2, 3, 128113
List the prime factors of 729034.
2, 103, 3539
List the prime factors of 11359214.
2, 41, 83, 1669
List the prime factors of 1347380.
2, 5, 67369
What are the prime factors of 66157?
7, 13, 727
List the prime factors of 6634653.
3, 2211551
What are the prime factors of 3555652?
2, 17, 52289
What are the prime factors of 125998?
2, 73, 863
List the prime factors of 2913743.
7, 416249
List the prime factors of 1030327.
719, 1433
List the prime factors of 4365786.
2, 3, 613, 1187
What are the prime factors of 5393299?
67, 101, 797
What are the prime factors of 716418?
2, 3, 13267
What are the prime factors of 11030187?
3, 7, 525247
List the prime factors of 338717.
338717
List the prime factors of 1417352.
2, 23, 7703
List the prime factors of 34402266.
2, 3, 637079
What are the prime factors of 291994?
2, 83, 1759
What are the prime factors of 11012224?
2, 227, 379
What are the prime factors of 3339196?
2, 7, 31, 3847
What are the prime factors of 108177?
3, 107, 337
List the prime factors of 199314.
2, 3, 3691
List the prime factors of 682057.
17, 53, 757
What are the prime factors of 4645614?
2, 3, 19, 40751
What are the prime factors of 348912?
2, 3, 2423
What are the prime factors of 9963438?
2, 3, 1660573
List the prime factors of 19140301.
23, 191, 4357
What are the prime factors of 2196189?
3, 244021
What are the prime 